f 1867892 and 19006.
442
Calculate the highest common factor of 800 and 13736.
8
What is the greatest common factor of 4709296 and 575?
23
Calculate the greatest common factor of 1457237 and 10941.
521
Calculate the greatest common factor of 30756 and 21600.
12
Calculate the greatest common factor of 2065 and 172379415.
295
Calculate the highest common divisor of 64 and 66389056.
64
Calculate the highest common divisor of 676 and 41184.
52
Calculate the greatest common divisor of 154216708 and 712.
356
Calculate the highest common factor of 21 and 180760251.
21
Calculate the highest common factor of 2502 and 27467298.
18
Calculate the highest common divisor of 389593 and 131872.
317
Calculate the greatest common divisor of 2449 and 1092037.
31
Calculate the highest common factor of 2835820718 and 26372.
13186
What is the greatest common factor of 2419 and 253738586?
2419
Calculate the greatest common factor of 17344 and 30288044.
1084
What is the greatest common divisor of 150 and 214820250?
150
Calculate the greatest common divisor of 859038 and 3306.
174
What is the greatest common divisor of 2672749 and 215783?
779
What is the highest common factor of 97557 and 68262?
93
What is the highest common factor of 32 and 368330816?
32
What is the greatest common factor of 13624994 and 908?
454
What is the greatest common divisor of 2988 and 21646981?
83
Calculate the greatest common factor of 4 and 5999873.
1
What is the greatest common divisor of 31241945 and 28?
7
What is the highest common factor of 1131296 and 31008?
32
What is the greatest common factor of 11774052 and 378?
54
What is the greatest common factor of 2015 and 1052012?
13
Calculate the highest common factor of 528459484 and 21.
7
Calculate the greatest common divisor of 964738 and 17834.
74
What is the highest common divisor of 5012370 and 22770?
990
Calculate the highest common divisor of 3728700 and 2700.
2700
What is the highest common factor of 2531281 and 8?
1
Calculate the highest common factor of 3799 and 2438117.
29
Calculate the highest common divisor of 3390 and 149400.
30
What is the greatest common factor of 66257473 and 53?
53
What is the greatest common divisor of 1264244 and 308716?
452
Calculate the greatest common factor of 2124818 and 58.
2
Calculate the highest common factor of 7677 and 289341012.
2559
What is the highest common factor of 526 and 33704?
2
What is the greatest common divisor of 7971593 and 2956?
739
Calculate the greatest common factor of 23478 and 97014450.
3354
Calculate the highest common divisor of 91650 and 12515100.
1950
What is the greatest common factor of 2791893 and 858?
39
What is the highest common divisor of 1394 and 26450?
2
What is the highest common factor of 900 and 31035900?
300
What is the highest common factor of 240 and 32870?
10
What is the greatest common divisor of 8 and 36430616?
8
Calculate the greatest common factor of 145831 and 766339.
581
What is the greatest common factor of 37263143 and 801?
89
What is the greatest common factor of 2957 and 491509583?
2957
What is the highest common factor of 41472 and 109755?
81
What is the greatest common divisor of 192 and 81420216?
24
Calculate the highest common divisor of 8 and 4287152.
8
Calculate the highest common factor of 24741 and 24471.
9
Calculate the greatest common factor of 3143841 and 3953.
67
Calculate the highest common divisor of 334427465 and 24550.
2455
Calculate the highest common divisor of 541498 and 118.
2
Calculate the greatest common factor of 8 and 16773396.
4
Calculate the highest common factor of 1120 and 77520800.
1120
Calculate the highest common factor of 51733 and 130306.
11
Calculate the highest common factor of 120930 and 391146.
834
Calculate the greatest common divisor of 80528 and 320096.
112
Calculate the highest common divisor of 95692506 and 728.
182
What is the greatest common divisor of 100671417 and 297?
297
What is the highest common factor of 24018891 and 3237?
39
Calculate the highest common divisor of 5 and 20557765.
5
Calculate the highest common factor of 367990 and 315.
35
Calculate the highest common divisor of 26502 and 62251305.
1893
Calculate the highest common divisor of 4716885 and 16892.
103
What is the highest common factor of 3760 and 102880885?
235
What is the highest common divisor of 7181 and 7066061?
43
Calculate the greatest common factor of 1116 and 406600092.
1116
What is the highest common factor of 25880 and 770?
10
What is the greatest common factor of 37512 and 13887?
9
What is the greatest common factor of 78620 and 5760?
20
What is the highest common factor of 76285625 and 52?
13
What is the greatest common factor of 14 and 107298107?
7
Calculate the highest common factor of 39 and 430846.
13
Calculate the greatest common divisor of 5792 and 367344568.
1448
Calculate the greatest common divisor of 7918 and 481592.
74
What is the greatest common divisor of 20090 and 12309430?
2870
Calculate the highest common factor of 143 and 1176331.
13
Calculate the greatest common factor of 3954936 and 2136.
24
What is the highest common factor of 1460489 and 685266?
181
What is the highest common factor of 96888 and 3483564?
4404
What is the highest common divisor of 33999147 and 819?
819
Calculate the highest common divisor of 54520 and 20915.
235
Calculate the greatest common factor of 4318 and 62100587.
127
What is the greatest common divisor of 340 and 405460?
20
What is the highest common factor of 6708 and 83148?
156
Calculate the greatest common factor of 7140 and 6775180.
340
What is the highest common divisor of 33390 and 169522885?
1855
What is the greatest common factor of 2995461 and 1134?
567
Calculate the greatest common factor of 10201 and 534634410.
10201
What is the highest common divisor of 58812 and 1290471?
1131
What is the greatest common divisor of 31714438 and 11392?
178
Calculate the greatest common factor of 8336020 and 7040.
220
Calculate the highest common divisor of 8660417 and 1244.
311
Calculate the greatest common factor of 175 and 1686860.
35
What is the highest common factor of 1088007921 and 819?
819
Calculate the highest common divisor of 1427574080 and 212.
212
Calculate the highest common divisor of 7494379 and 17423.
2489
What is the highest common divisor of 520975 and 513647?
229
What is the greatest common factor of 184905 and 368235?
315
What is the greatest common factor of 93 and 4711647?
3
Calculate the highest common divisor of 5927933 and 1529.
1529
What is the highest common divisor of 8 and 7225913?
1
What is the greatest common factor of 177 and 662098?
59
Calculate the highest common divisor of 547324336 and 2964.
988
Calculate the greatest common factor of 783 and 1636383.
87
What is the greatest common factor of 812831 and 4819?
79
What is the greatest common divisor of 1272 and 271896?
24
What is the greatest common factor of 342 and 3823?
1
Calculate the greatest common divisor of 1749888 and 14880.
2976
Calculate the greatest common factor of 176558 and 30741622.
4106
Calculate the highest common factor of 43282 and 19038.
38
What is the highest common factor of 21173248 and 25668?
2852
What is the highest common factor of 603537 and 66?
33
What is the highest common factor of 350550 and 303400?
2050
What is the greatest common factor of 9087 and 7853430?
39
What is the highest common divisor of 88718 and 5362?
14
What is the greatest common factor of 63175 and 61775?
175
Calculate the greatest common factor of 5707 and 31616.
13
Calculate the greatest common factor of 91 and 1510789.
7
What is the greatest common factor of 22656 and 65792?
128
What is the highest common divisor of 67201 and 220966?
1139
What is the highest common factor of 250 and 1663146625?
125
Calculate the greatest common factor of 1050757 and 361.
19
What is the greatest common divisor of 210 and 4530414?
42
What is the greatest common divisor of 1240812 and 34488?
36
Calculate the greatest common divisor of 65475 and 926253.
873
Calculate the highest common factor of 74360 and 110330.
110
Calculate the greatest common divisor of 12742292 and 4976.
1244
What is the highest common factor of 10325 and 2149?
7
Calculate the greatest common divisor of 159460 and 178052.
28
Calculate the hig